 Determine h(v).
3
Let i(t) = -t**3 + 10*t**2 + 12*t - 16. Suppose -14 = 4*f - 58. Calculate i(f).
-5
Let h(j) be the second derivative of -11*j + j**2 + 0 + 1/2*j**3. Give h(-6).
-16
Let d(s) = 12*s - 16. Let h(b) = -8*b + 11. Let j(z) = -5*d(z) - 7*h(z). Let v(o) = -2*o - 20. Let t be v(-11). Determine j(t).
-5
Let r(c) = -c + 6. Suppose 0 = 4*b + 17 + 3. Determine r(b).
11
Let p(i) be the first derivative of -i**2/2 - 12*i + 13. Give p(-6).
-6
Let p(v) be the first derivative of -1/3*v**3 + 1/60*v**5 - 1 - 1/2*v**2 + 0*v - 1/24*v**4. Let j(y) be the second derivative of p(y). Calculate j(0).
-2
Let n be 4/5*(6 + -1). Let f(m) be the first derivative of m**4/12 - m**3/6 + m**2 - 5. Let l(z) be the second derivative of f(z). What is l(n)?
7
Let k(s) = -s - 9. Suppose -4 = -3*y + 2. Suppose 8 = y*r - 26. Suppose -5*l - 5*g = -g + 9, -2*g - r = 5*l. Give k(l).
-4
Let m(f) = -f**3 - 5*f**2 + 9*f + 1. Let w be (-1)/((-1)/(-18)*(-6)/(-2)). What is m(w)?
-17
Let p = -7 + 7. Let q(s) = -7 - s**2 + p*s - 5*s**2 + s**3 + 7*s - s**2. Give q(6).
-1
Let r(h) be the second derivative of -h**5/20 - h**4/4 + h**3/3 - 2*h**2 + 2*h. Determine r(-4).
4
Let z(c) = -15*c + c**2 - 2*c**2 + 510 - 529. What is z(-14)?
-5
Let i(b) be the first derivative of 1/30*b**5 + 3/2*b**2 + 1/6*b**3 + 1 + 0*b - 1/12*b**4. Let v(z) be the second derivative of i(z). Calculate v(2).
5
Let l be 2/(2/(-12)*-2). Let h be 2/(-3)*l/1. Let f(b) = -10*b**2 + b + 8. Let n(t) = -7*t**2 + t + 5. Let k(g) = -5*f(g) + 7*n(g). Give k(h).
3
Let y(m) be the third derivative of m**6/720 - m**5/40 + m**4/6 - 4*m**2. Let q(x) be the second derivative of y(x). Give q(-5).
-8
Suppose 0 = 5*r - 3*r + 8. Let h(f) = 2*f - 4 + 4*f - 8*f. Calculate h(r).
4
Let k = 5 + 0. Let r(j) = j**2 - 3*j - 5. Let z be r(k). Let l(t) = -t. Let b(u) = -u**2 + 10*u - 7. Let q(g) = -b(g) - 4*l(g). Give q(z).
2
Let u(q) = 5*q**3 + 29*q**2 - 3*q + 1. Let g(b) = b**3 + 7*b**2 - b. Let t(w) = -9*g(w) + 2*u(w). Calculate t(3).
-7
Let b(m) = -5*m**2 + 408*m - 200*m - 209*m. Calculate b(-1).
-4
Let i(z) = -3*z**2 + 3*z. Let o = -1 + 0. Let m(n) = 5*n**2 - 2*n - 1. Let w be m(o). Suppose -4*v + w = -2. Determine i(v).
-6
Let j(z) = z**2 + 4*z + 4. Let o be (-2)/3 + 28/6. Suppose 0*d - 3*q = -d + 24, -o*d = -5*q - 61. Suppose 4*l = w - 17, -3*w + d - 23 = l. Determine j(w).
1
Let d(g) = -g**2 - 6*g + 10. Let i be d(-7). Suppose 36 - 12 = -i*z. Let b = z + 5. Let h(y) = y**3 + 4*y**2 + 2*y + 2. Calculate h(b).
5
Let q(g) = g**2 + 3*g. Suppose 0 = 3*j - j - 10. Suppose -2*i = 0, -j*i + 7 = 3*k + 4. Let r be (-2 + k)*(-4)/(-2). Give q(r).
-2
Let y(l) = l**2 - 5*l + 5. Suppose -4*j + 4*p = -16, -3*j - 3*p = -j + 2. Let z = 2 + j. What is y(z)?
1
Let n = 8 - 6. Suppose 3*o = n*o. Let i(z) = -4*z**2 + o*z**2 + 2*z**2. Determine i(1).
-2
Suppose -3*l + 2*d = 54, -2*d = -4*d. Let r be (4/6)/((-3)/l). Let o(i) = i**3 - 5*i**2 + 6*i - 6. Calculate o(r).
2
Let i(s) = s**2 + s. Let b(a) = -a**2 + 10*a - 8. Suppose u - 2*u - 2*c = 1, c = -5. Let w be b(u). Calculate i(w).
2
Let n(r) = 10*r + 43. Let h(u) = 3*u + 14. Let c(p) = 7*h(p) - 2*n(p). Determine c(-9).
3
Let f(q) be the second derivative of q**4/6 - 2*q**3/3 - q**2/2 + 2*q - 48. Let m be (6/8)/(1/(-4)). Let c = 6 + m. Calculate f(c).
5
Let t(a) = 3 + a**3 - 178*a**2 - a + 171*a**2 - 1. Calculate t(7).
-5
Let s(v) = -v**3 - 3*v**2 + v - 1. Let j = -5 - -2. Let w = -5 + 5. Let z be (w - 0/(-2)) + j. Calculate s(z).
-4
Let g(y) = -2*y - 9. Suppose 2*j + 12 = -z - z, 2*j + z + 12 = 0. Give g(j).
3
Let h(u) = u**2 + 5*u + 2. Suppose 16 = -3*n - 5. What is h(n)?
16
Let s(b) be the third derivative of -b**8/6720 + b**7/630 + b**6/144 + b**5/40 + b**4/12 - b**2. Let u(p) be the second derivative of s(p). Determine u(5).
3
Let x = 0 + -6. Let j(g) = 15*g - 19*g + 8 + 4*g**2 - 3*g**2 - 2*g**2. Calculate j(x).
-4
Let d be (-3)/(-3*1) - -1. Let u(s) = -1 - 2 + d*s - s - 1. Determine u(0).
-4
Let f(q) = -10*q**3 + 3*q**2 + 2*q - 1. Let u(g) = -19*g**3 + 7*g**2 + 5*g - 2. Let c(d) = -5*f(d) + 2*u(d). Suppose 8*l = 5*l - 3. Give c(l).
-12
Let b(s) = -2*s - 3. Let r(z) = -z. Let v(g) = b(g) - 5*r(g). Let k(q) be the first derivative of q**3 - q**2/2 - q + 1. Let d be k(-1). What is v(d)?
6
Suppose -4*a = -a - 6. Let w(s) = 4*s + 2. Let v(b) = -5*b - 3. Let i(l) = -2*v(l) - 3*w(l). What is i(a)?
-4
Let b(n) be the second derivative of 2*n**2 + 0 - 1/6*n**3 + n. Determine b(6).
-2
Let o be ((-24)/16*8/(-1))/2. Let x(k) be the second derivative of k**3/6 - k**2/2 - k. Determine x(o).
5
Suppose -4*n = -2*n - 42. Let y be (-1)/2 - n/(-6). Let m(h) be the third derivative of -h**4/12 - h**3/6 - 4*h**2. Determine m(y).
-7
Let y(w) = 4*w**2 + 4*w + 2. Let k be (-1)/3 + (55/(-15) - -2). Determine y(k).
10
Suppose -3*y - 7*b = -2*b - 42, 3*b = -y + 10. Suppose 4*z - 4*v = -28, y = 3*z + 2*v + 3*v. Let m(f) = -5 + f + 1 + 5. Calculate m(z).
-1
Let d be -22 - -28 - (1 + 0). Let z(k) = k**2 - 4*k - 4. What is z(d)?
1
Let d(o) = -o + 1. Let i(s) = 2*s**3 + 14*s**2 + 14*s + 7. Let r be i(-6). What is d(r)?
6
Let h = 12 + -12. Let a(l) = -2*l**2 + 3*l + 2. Let s(j) = j**2 - j. Let c(o) = -a(o) - 3*s(o). What is c(h)?
-2
Let l(n) = -n**3 - 3*n**2 + 2. Suppose 6*a = 2*a + 20. Let y = -7 + a. Calculate l(y).
-2
Let j(a) = a**3 + 4*a**2 + 4*a + 2. Let i(u) = 4*u - 18. Let m be i(6). Let v(x) = x - 3. Let h be v(3). Suppose -2*z - m = -h. What is j(z)?
-1
Let r(f) = f**2 + 2*f - 1. Let d be r(1). Let c(g) = -d*g + 7 - 10 - g - 4*g**2 - g**3. Let v be (-3)/1 - 11/11. Give c(v).
9
Let s(h) = 7*h - 12. Let r(k) = -k - 6. Let z be r(-5). Let c(x) = x - 1. Let n(j) = z*s(j) + 6*c(j). What is n(6)?
0
Let y(g) = -3 + 3*g - 3*g**3 + 2*g**2 + 3*g**3 - 4*g**3 + 2*g**3. Calculate y(2).
-5
Suppose 5*d - 5*p = -0*p - 45, 3*p - 3 = -3*d. Let n(z) = -z**3 - 3*z**2 + 4*z + 2. What is n(d)?
2
Let o be (-16)/(-12)*(-3)/(-2). Suppose -5*z - o*j + 20 = 0, 5*z - 2*j + 3 = 23. Let a(c) = -z + c**2 - 2*c + 3 + 2. Determine a(1).
0
Suppose -d + 3*r = 1, 0 = -3*d + d + 5*r - 3. Let j(w) = w**2 + w - 1. What is j(d)?
11
Let t = 2 - 8. Let w(x) be the first derivative of -x**5/120 - x**4/3 + 10*x**3/3 - 5. Let v(i) be the third derivative of w(i). Determine v(t).
-2
Let z(d) = 0*d - 8*d + 7*d + 1 - 18*d**2. What is z(1)?
-18
Let j(r) be the first derivative of r**2/2 - 2*r + 37. Give j(0).
-2
Let k(r) = -r**2 - 8*r - 9. Let m(z) = 2*z + 19. Let w be m(-9). Suppose -s - 15 = 2*s. Let a = s - w. Give k(a).
3
Let g be ((-35)/10)/(1/(-2)). Let i(l) = 4*l**2 - 7 - 2*l**2 - 3*l**2 + g*l. Give i(5).
3
Let p(j) be the first derivative of 5/2*j**2 - 1 + 0*j. Determine p(-1).
-5
Let r(p) = 5*p - 3. Suppose -10*n = -9*n - 4. Give r(n).
17
Suppose 3*o = 3*v + 7*o, 4*o = -v - 8. Let i(r) be the third derivative of 0 - 3*r**2 + 1/20*r**5 - 1/8*r**v + 1/6*r**3 + 0*r + 1/120*r**6. What is i(-4)?
-3
Let n(v) = -v**2 - 4*v - 2. Let d be n(-5). Let a = -8 - d. Let p(z) = 10*z**2 + 2*z + 1. What is p(a)?
9
Let f(g) be the second derivative of 1/3*g**3 + 1/4*g**4 + 0 - 3*g - 1/2*g**2. What is f(-2)?
7
Let b(k) = -k**3 - 6*k**2 - 5*k - 1. Suppose 3*f - 5*t + 21 = 0, t + 3*t = 2*f + 16. Let x be 4*f/(-8)*-5. Determine b(x).
-1
Suppose 4*j + 5*b = 31, -2*j + b = -2*b - 21. Let a be (6/j)/(6/(-45)). Let s(o) = o**2 + 5*o - 5. What is s(a)?
-5
Suppose -2*h - 4*y = -2, 4 = 4*y - 4. Let p be 4/(1 + 1 + h). Let j(f) = f**2 + 4*f - 5. Calculate j(p).
-5
Let s(q) be the second derivative of -q**4/12 + 2*q**3/3 - 3*q**2/2 + 22*q. Give s(4).
-3
Let j(a) = -4*a - 1. Let l(g) = g**3 + 2*g**2 - 3*g - 2. Let k be l(-3). Determine j(k).
7
Let c(z) = 38*z - 44*z + 7 + 0*z**2 + z**2. What is c(5)?
2
Let g = 9 + -11. Let v(r) = 8*r + 3. What is v(g)?
-13
Let t(u) = -2*u - 5. Let h be (-1)/(-1 - (-2)/4) + -8. What is t(h)?
7
Let w(k) = -k**3 - 2*k**2 + 2*k + 3. Let q be w(-3). Let o(j) = j**2 - j + 3. Let f(v) = 2*v. Let l(c) = -3*f(c) + o(c). Calculate l(q).
-3
Let p(d) = -d**2 + 3*d + 6. Suppose -5*a = t - 30, 2*t - 6 = 4. Let x be p(a). Let k be x - 1 - (2 + -2). Let n(y) = -y**3 - 5*y**2 + y + 2. Calculate n(k).
-3
Let n(b) = -3*b**2 - 3895 + 3895 + b**3 - b. Determine n(-2).
-18
Let s(i) = -6 + 3*i**2 + 4*i**3 + 2 - 5*i**3. Suppose 3*k + 5*d - 3 = 6, 4*d + 9 = 3*k. Calculate s(